{"id":124,"date":"2021-04-14T08:22:00","date_gmt":"2021-04-14T11:22:00","guid":{"rendered":"http:\/\/localhost\/?page_id=124"},"modified":"2022-03-28T18:30:34","modified_gmt":"2022-03-28T21:30:34","slug":"parceiros","status":"publish","type":"page","link":"https:\/\/btn.com.br\/site\/parceiros\/","title":{"rendered":"Parceiros"},"content":{"rendered":"","protected":false},"excerpt":{"rendered":"","protected":false},"author":1,"featured_media":0,"parent":0,"menu_order":0,"comment_status":"closed","ping_status":"closed","template":"","meta":{"_acf_changed":false,"footnotes":""},"class_list":["post-124","page","type-page","status-publish","hentry"],"acf":[],"yoast_head":"<!-- This site is optimized with the Yoast SEO plugin v23.3 - https:\/\/yoast.com\/wordpress\/plugins\/seo\/ -->\n<title>BTN Solu\u00e7\u00f5es Natal\/RN, Brasil - Tecnologia Simplificada e Seguran\u00e7a<\/title>\n<meta name=\"description\" content=\"BTN Solu\u00e7\u00f5es Natal RN - Brasil, Especializada em Tecnologia da informa\u00e7\u00e3o, Recupera\u00e7\u00e3o de Desastres, Servi\u00e7os em Nuvem. Parceiro das grandes big techs do mercado Infraestrutura e Outsourcing de TI.\" \/>\n<meta name=\"robots\" content=\"noindex, follow, max-snippet:-1, max-image-preview:large, max-video-preview:-1\" \/>\n<meta property=\"og:locale\" content=\"pt_BR\" \/>\n<meta property=\"og:type\" content=\"article\" \/>\n<meta property=\"og:title\" content=\"BTN Solu\u00e7\u00f5es Natal\/RN, Brasil - Tecnologia Simplificada e Seguran\u00e7a\" \/>\n<meta property=\"og:description\" content=\"BTN Solu\u00e7\u00f5es Natal RN - Brasil, Especializada em Tecnologia da informa\u00e7\u00e3o, Recupera\u00e7\u00e3o de Desastres, Servi\u00e7os em Nuvem. Parceiro das grandes big techs do mercado Infraestrutura e Outsourcing de TI.\" \/>\n<meta property=\"og:url\" content=\"https:\/\/btn.com.br\/site\/parceiros\/\" \/>\n<meta property=\"og:site_name\" content=\"BTN Solu\u00e7\u00f5es Natal\/RN, Brasil - Tecnologia Simplificada e Seguran\u00e7a\" \/>\n<meta property=\"article:publisher\" content=\"https:\/\/www.facebook.com\/btnsolucoes\" \/>\n<meta property=\"article:modified_time\" content=\"2022-03-28T21:30:34+00:00\" \/>\n<meta name=\"twitter:card\" content=\"summary_large_image\" \/>\n<script type=\"application\/ld+json\" class=\"yoast-schema-graph\">{\"@context\":\"https:\/\/schema.org\",\"@graph\":[{\"@type\":\"WebPage\",\"@id\":\"https:\/\/btn.com.br\/site\/parceiros\/\",\"url\":\"https:\/\/btn.com.br\/site\/parceiros\/\",\"name\":\"BTN Solu\u00e7\u00f5es Natal\/RN, Brasil - Tecnologia Simplificada e Seguran\u00e7a\",\"isPartOf\":{\"@id\":\"https:\/\/btn.com.br\/site\/#website\"},\"datePublished\":\"2021-04-14T11:22:00+00:00\",\"dateModified\":\"2022-03-28T21:30:34+00:00\",\"description\":\"BTN Solu\u00e7\u00f5es Natal RN - Brasil, Especializada em Tecnologia da informa\u00e7\u00e3o, Recupera\u00e7\u00e3o de Desastres, Servi\u00e7os em Nuvem. Parceiro das grandes big techs do mercado Infraestrutura e Outsourcing de TI.\",\"breadcrumb\":{\"@id\":\"https:\/\/btn.com.br\/site\/parceiros\/#breadcrumb\"},\"inLanguage\":\"pt-BR\",\"potentialAction\":[{\"@type\":\"ReadAction\",\"target\":[\"https:\/\/btn.com.br\/site\/parceiros\/\"]}]},{\"@type\":\"BreadcrumbList\",\"@id\":\"https:\/\/btn.com.br\/site\/parceiros\/#breadcrumb\",\"itemListElement\":[{\"@type\":\"ListItem\",\"position\":1,\"name\":\"Home\",\"item\":\"https:\/\/btn.com.br\/site\/\"},{\"@type\":\"ListItem\",\"position\":2,\"name\":\"Parceiros\"}]},{\"@type\":\"WebSite\",\"@id\":\"https:\/\/btn.com.br\/site\/#website\",\"url\":\"https:\/\/btn.com.br\/site\/\",\"name\":\"BTN Solu\u00e7\u00f5es Natal\/RN, Brasil - Tecnologia Simplificada e Seguran\u00e7a\",\"description\":\"BTN Solu\u00e7\u00f5es Natal RN - Brasil, Especializada em Tecnologia da informa\u00e7\u00e3o, Recupera\u00e7\u00e3o de Desastres, Servi\u00e7os em Nuvem. Parceiro das grandes big techs do mercado Infraestrutura e Outsourcing de TI\",\"publisher\":{\"@id\":\"https:\/\/btn.com.br\/site\/#organization\"},\"potentialAction\":[{\"@type\":\"SearchAction\",\"target\":{\"@type\":\"EntryPoint\",\"urlTemplate\":\"https:\/\/btn.com.br\/site\/?s={search_term_string}\"},\"query-input\":\"required name=search_term_string\"}],\"inLanguage\":\"pt-BR\"},{\"@type\":\"Organization\",\"@id\":\"https:\/\/btn.com.br\/site\/#organization\",\"name\":\"BTN Solu\u00e7\u00f5es - Tecnologia Simplificada\",\"url\":\"https:\/\/btn.com.br\/site\/\",\"logo\":{\"@type\":\"ImageObject\",\"inLanguage\":\"pt-BR\",\"@id\":\"https:\/\/btn.com.br\/site\/#\/schema\/logo\/image\/\",\"url\":\"https:\/\/btn.com.br\/site\/app\/uploads\/2022\/03\/btn-banner.png\",\"contentUrl\":\"https:\/\/btn.com.br\/site\/app\/uploads\/2022\/03\/btn-banner.png\",\"width\":1280,\"height\":720,\"caption\":\"BTN Solu\u00e7\u00f5es - Tecnologia Simplificada\"},\"image\":{\"@id\":\"https:\/\/btn.com.br\/site\/#\/schema\/logo\/image\/\"},\"sameAs\":[\"https:\/\/www.facebook.com\/btnsolucoes\",\"https:\/\/www.instagram.com\/btn.solucoes\/\",\"https:\/\/www.linkedin.com\/company\/btn-solu-es\/\"]}]}<\/script>\n<!-- \/ Yoast SEO plugin. -->","yoast_head_json":{"title":"BTN Solu\u00e7\u00f5es Natal\/RN, Brasil - Tecnologia Simplificada e Seguran\u00e7a","description":"BTN Solu\u00e7\u00f5es Natal RN - Brasil, Especializada em Tecnologia da informa\u00e7\u00e3o, Recupera\u00e7\u00e3o de Desastres, Servi\u00e7os em Nuvem. Parceiro das grandes big techs do mercado Infraestrutura e Outsourcing de TI.","robots":{"index":"noindex","follow":"follow","max-snippet":"max-snippet:-1","max-image-preview":"max-image-preview:large","max-video-preview":"max-video-preview:-1"},"og_locale":"pt_BR","og_type":"article","og_title":"BTN Solu\u00e7\u00f5es Natal\/RN, Brasil - Tecnologia Simplificada e Seguran\u00e7a","og_description":"BTN Solu\u00e7\u00f5es Natal RN - Brasil, Especializada em Tecnologia da informa\u00e7\u00e3o, Recupera\u00e7\u00e3o de Desastres, Servi\u00e7os em Nuvem. Parceiro das grandes big techs do mercado Infraestrutura e Outsourcing de TI.","og_url":"https:\/\/btn.com.br\/site\/parceiros\/","og_site_name":"BTN Solu\u00e7\u00f5es Natal\/RN, Brasil - Tecnologia Simplificada e Seguran\u00e7a","article_publisher":"https:\/\/www.facebook.com\/btnsolucoes","article_modified_time":"2022-03-28T21:30:34+00:00","twitter_card":"summary_large_image","schema":{"@context":"https:\/\/schema.org","@graph":[{"@type":"WebPage","@id":"https:\/\/btn.com.br\/site\/parceiros\/","url":"https:\/\/btn.com.br\/site\/parceiros\/","name":"BTN Solu\u00e7\u00f5es Natal\/RN, Brasil - Tecnologia Simplificada e Seguran\u00e7a","isPartOf":{"@id":"https:\/\/btn.com.br\/site\/#website"},"datePublished":"2021-04-14T11:22:00+00:00","dateModified":"2022-03-28T21:30:34+00:00","description":"BTN Solu\u00e7\u00f5es Natal RN - Brasil, Especializada em Tecnologia da informa\u00e7\u00e3o, Recupera\u00e7\u00e3o de Desastres, Servi\u00e7os em Nuvem. Parceiro das grandes big techs do mercado Infraestrutura e Outsourcing de TI.","breadcrumb":{"@id":"https:\/\/btn.com.br\/site\/parceiros\/#breadcrumb"},"inLanguage":"pt-BR","potentialAction":[{"@type":"ReadAction","target":["https:\/\/btn.com.br\/site\/parceiros\/"]}]},{"@type":"BreadcrumbList","@id":"https:\/\/btn.com.br\/site\/parceiros\/#breadcrumb","itemListElement":[{"@type":"ListItem","position":1,"name":"Home","item":"https:\/\/btn.com.br\/site\/"},{"@type":"ListItem","position":2,"name":"Parceiros"}]},{"@type":"WebSite","@id":"https:\/\/btn.com.br\/site\/#website","url":"https:\/\/btn.com.br\/site\/","name":"BTN Solu\u00e7\u00f5es Natal\/RN, Brasil - Tecnologia Simplificada e Seguran\u00e7a","description":"BTN Solu\u00e7\u00f5es Natal RN - Brasil, Especializada em Tecnologia da informa\u00e7\u00e3o, Recupera\u00e7\u00e3o de Desastres, Servi\u00e7os em Nuvem. Parceiro das grandes big techs do mercado Infraestrutura e Outsourcing de TI","publisher":{"@id":"https:\/\/btn.com.br\/site\/#organization"},"potentialAction":[{"@type":"SearchAction","target":{"@type":"EntryPoint","urlTemplate":"https:\/\/btn.com.br\/site\/?s={search_term_string}"},"query-input":"required name=search_term_string"}],"inLanguage":"pt-BR"},{"@type":"Organization","@id":"https:\/\/btn.com.br\/site\/#organization","name":"BTN Solu\u00e7\u00f5es - Tecnologia Simplificada","url":"https:\/\/btn.com.br\/site\/","logo":{"@type":"ImageObject","inLanguage":"pt-BR","@id":"https:\/\/btn.com.br\/site\/#\/schema\/logo\/image\/","url":"https:\/\/btn.com.br\/site\/app\/uploads\/2022\/03\/btn-banner.png","contentUrl":"https:\/\/btn.com.br\/site\/app\/uploads\/2022\/03\/btn-banner.png","width":1280,"height":720,"caption":"BTN Solu\u00e7\u00f5es - Tecnologia Simplificada"},"image":{"@id":"https:\/\/btn.com.br\/site\/#\/schema\/logo\/image\/"},"sameAs":["https:\/\/www.facebook.com\/btnsolucoes","https:\/\/www.instagram.com\/btn.solucoes\/","https:\/\/www.linkedin.com\/company\/btn-solu-es\/"]}]}},"_links":{"self":[{"href":"https:\/\/btn.com.br\/site\/wp-json\/wp\/v2\/pages\/124"}],"collection":[{"href":"https:\/\/btn.com.br\/site\/wp-json\/wp\/v2\/pages"}],"about":[{"href":"https:\/\/btn.com.br\/site\/wp-json\/wp\/v2\/types\/page"}],"author":[{"embeddable":true,"href":"https:\/\/btn.com.br\/site\/wp-json\/wp\/v2\/users\/1"}],"replies":[{"embeddable":true,"href":"https:\/\/btn.com.br\/site\/wp-json\/wp\/v2\/comments?post=124"}],"version-history":[{"count":1,"href":"https:\/\/btn.com.br\/site\/wp-json\/wp\/v2\/pages\/124\/revisions"}],"predecessor-version":[{"id":125,"href":"https:\/\/btn.com.br\/site\/wp-json\/wp\/v2\/pages\/124\/revisions\/125"}],"wp:attachment":[{"href":"https:\/\/btn.com.br\/site\/wp-json\/wp\/v2\/media?parent=124"}],"curies":[{"name":"wp","href":"https:\/\/api.w.org\/{rel}","templated":true}]}}